-105. What is the units digit of k?
7
Suppose -3*r = 2*r - 3*s + 35, 5*r - s = -25. Let q be (1*-4 - -1)*r/3. Suppose -q*o + 97 = -3*o. What is the tens digit of o?
9
Suppose 4*j + 17642 = 3*a - 220523, -3*j = 4*a - 317520. What is the units digit of a?
3
What is the tens digit of -778*(3/(-7) + (36/21)/(-3))?
7
Suppose 50791 = -24*j + 37*j. What is the thousands digit of j?
3
Let j = 74 - 26. Let q = j - -350. Let x = q - 240. What is the hundreds digit of x?
1
Let b(x) = -x**3 + 5*x**2 + 5. Let f be b(5). Suppose -4*o - 3*w - 2*w = -50, -f*w = 5*o - 65. Let t = o - 3. What is the units digit of t?
2
Let l be 0 - (1*98)/(-2). Let x = 155 + -151. Suppose x*r = 19 + l. What is the tens digit of r?
1
Suppose 3*o - 4*u + 3695 = 0, -2*o = -0*o + 5*u + 2471. Let x = o + 2157. What is the hundreds digit of x?
9
Let h = 6384 - 3001. What is the thousands digit of h?
3
Let k = -2309 - -5120. What is the units digit of (26/(-13))/(1 + (-2817)/k)?
7
Suppose 2*r = -4*c + 15810, 15810 = 2*r - 243*c + 245*c. What is the hundreds digit of r?
9
Let a = -626 - -1014. Let g(y) = 2*y**2 - 266. Let n be g(0). Let t = a + n. What is the hundreds digit of t?
1
Let t = -34 + 31. Let f be (t - 17)*(-30)/8. Let h = 19 + f. What is the tens digit of h?
9
Suppose -12*p + 12 = -8*p. Suppose p*t = t - 940. What is the units digit of t/4*36/(-45)?
4
Suppose -13*t + 48706 + 28046 = 0. What is the hundreds digit of t?
9
Let j(x) = -802*x**3 + 5*x**2 + 3*x - 1. Let d be j(-1). Suppose -347 - d = -5*w. What is the hundreds digit of w?
2
Let r = 70104 + -45600. What is the ten thousands digit of r?
2
Suppose -4*w + 59 = s, 0*s - w = 5*s - 276. Suppose 5*z + s = -5*v, 0 = z + 2*z - v + 25. What is the units digit of (-1325)/z - -2 - (-32)/(-144)?
9
Suppose -44882*z + 44869*z = -202644. What is the tens digit of z?
8
Let x = -56 - -56. Suppose x = 2*d + 4*c, -c - 7 = -3*d - 0*c. Suppose 3*u - 375 = -2*s, -210 = -3*u + d*s + 153. What is the hundreds digit of u?
1
Suppose -4848 = -2*g + 3*w, -w = 5*g - 4*g - 2424. What is the units digit of g?
4
Suppose 4*y = 2*z - 52294, 49*z - 48*z - 26177 = 7*y. What is the units digit of z?
5
Suppose -25 = -4*m + 75. Suppose -3*u - 6*k = -5*k - 11, 5*k + m = 5*u. Suppose u*o - 3*s - 420 = 0, o + 5*s = -0*s + 128. What is the hundreds digit of o?
1
Let a = -10 + 13. Suppose -4*g = t - 3264, a*g - 4*t = 1124 + 1324. Suppose 4*b - 338 = -3*d + 145, g = 5*d + 3*b. What is the hundreds digit of d?
1
What is the ten thousands digit of (2432/6 + -7)*(33 + 90)?
4
Let z be (1 - (-52)/14) + (-2)/(-7). Suppose -49 = z*y - 3*f - 315, 287 = 5*y + 4*f. Suppose -y = 9*o - 163. What is the units digit of o?
2
Suppose 139*q = 141*q - 2704. Let s = q + -903. What is the units digit of s?
9
What is the tens digit of (-1*3/3*2)/((-27)/24894)?
4
Let q(v) = 83*v**3 - 19*v**2 + 73*v - 32. What is the ten thousands digit of q(5)?
1
Let n(k) = 363*k**2 - 12*k - 59. What is the tens digit of n(-6)?
8
Let c(q) = 35*q**2 - 1. Let r be c(1). Let m = 36 - r. Suppose -5*x + h = -3*h - 267, m*h - 96 = -2*x. What is the units digit of x?
1
Let s(w) = -w**3 - 3*w**2 - 3*w. Suppose -8 = 7*x + 6. Let v be s(x). What is the tens digit of -8 + 6 + -1 + v + 47?
4
Let a(w) be the third derivative of 35*w**4/8 + 50*w**2. What is the hundreds digit of a(4)?
4
Let l(k) = 41*k + 453. What is the tens digit of l(6)?
9
Let i(y) = -418*y - 794. What is the units digit of i(-13)?
0
Suppose -b + j + 122 = 0, 2*b - j - 482 = -2*b. Let l be 1704/45 - 4/b*-4. What is the units digit of ((-45)/20 + 1)*-2*l?
5
Suppose -248949 = 24081*g - 24090*g. What is the tens digit of g?
6
Suppose -3*t = t - 5*s + 1264, 0 = 2*t - 4*s + 632. Let x = -281 - t. What is the tens digit of x?
3
Let l(i) = -1274*i - 1653. What is the thousands digit of l(-8)?
8
Suppose 5*s = 20, 12*k = 13*k + 4*s - 12. What is the units digit of 225/((-2)/k + (-6)/(-12))?
5
Suppose 0 = -5*d + 7*d - 2. Let z be d*(8/12 - (-4)/(-6)). Let y(o) = o**3 - o + 3. What is the units digit of y(z)?
3
What is the thousands digit of ((-8)/3)/(-1 - ((-116375)/(-38787) + -4))?
7
Suppose 20*k + 2912 = 24*k. Suppose -r - k = -3*v, -v - 12*r = -10*r - 231. What is the hundreds digit of v?
2
Let k be 3/(-12) + 2121/84. What is the units digit of (-28)/(-20) - (-28690)/k?
9
Let o = -3470 + 3829. Let n(f) = 19*f**2 - 3*f + 3. Let j be n(2). Suppose -2*w = -o - j. What is the units digit of w?
6
Let a(j) = 596*j**3 - 3*j**2 - 6*j - 4. Let q be a(-1). What is the units digit of (-2 - q) + (-6 - -7 - -1)?
7
Suppose -51956 = -4*g + 2*y, 0 = -77*g + 81*g - y - 51960. What is the hundreds digit of g?
9
Let f be (-9)/(-1) + (46 - 39). Suppose f*d + 2424 = 24*d. What is the units digit of d?
3
Suppose 6*y - 10 = 8. Suppose -59 = y*h + 76. What is the units digit of 1 + h*12/(-9)?
1
Suppose -4*c - 14*t + 12*t - 10 = 0, -4 = 4*t. Let v = c + 698. What is the hundreds digit of v?
6
Suppose -139*t + 1969345 = -104*t. What is the ten thousands digit of t?
5
Let l(m) = 2*m - 48. Let f be l(25). Suppose -24 = -4*b + f*x + 2*x, 2*x = -2. Suppose 5*i = -4*g - 0*i + 97, -b*g - 5*i + 120 = 0. What is the tens digit of g?
2
Let n(g) = 6*g**2 - 2*g. Let f be n(4). Let y(z) = -z - 14. Let i be y(11). Let d = i + f. What is the tens digit of d?
6
Suppose r = 5*b + 12209, -5*r - 67*b + 65*b + 61018 = 0. What is the thousands digit of r?
2
Let g(x) = -1633*x - 107. What is the tens digit of g(-4)?
2
Let g(t) = -134*t - 4. Let c be g(1). Let m = c + 396. Suppose 0 = 2*y + p - m, -7*y + 2*p = -5*y - 258. What is the hundreds digit of y?
1
Suppose 7*s + 2080 = -3*s. Let z = -61 - s. Suppose 7*t + z - 875 = 0. What is the hundreds digit of t?
1
Let h = -99 - -104. Suppose 5*l + 4*i + 66 = 2101, 5*l - h*i - 1990 = 0. What is the hundreds digit of l?
4
Suppose -17*g + 56975 = -3*g - 31435. What is the tens digit of g?
1
Let i = 152 - 121. Suppose 4240 = -i*w + 39*w. What is the hundreds digit of w?
5
Suppose 10 = 5*w - d, -2*w - d = -6*w + 7. What is the hundreds digit of ((-69)/46)/(((-18)/664)/w)?
1
Let i(o) = 1026*o**2 + 4*o - 3. Let x be 2 + -8 - (-42)/6. What is the hundreds digit of i(x)?
0
Suppose -4*r = 4*z - 96, 0 = -z - 12*r + 15*r + 36. Suppose 0 = 3*o - 0*o + 36. What is the tens digit of 404/16 + z/o + 3?
2
Suppose -35*g + 1010018 = -1445792. What is the hundreds digit of g?
1
Let n(c) = 56*c - 184. Let k be n(30). Suppose -d + 5*m = -495, 6*m - k = -3*d + 10*m. What is the units digit of d?
0
Let c = -122296 + 179301. What is the ten thousands digit of c?
5
Suppose -3*p + 166171 = j, -81*j - 110779 = -2*p - 82*j. What is the ten thousands digit of p?
5
Let g(a) be the third derivative of 3*a**5/20 - a**4/12 + 28*a**3/3 - 11*a**2. What is the tens digit of g(-7)?
1
Let v(m) be the first derivative of -4 + 4*m - 12*m**2 + 3 - 5*m + 5. What is the tens digit of v(-2)?
4
Let p be (7 + -14 + 6)/((-2)/106). Let d = -48 + p. Suppose g + 97 = x, 2*x - d*g + 397 = 6*x. What is the units digit of x?
8
Suppose 100*h - 26*h = 986790. What is the ten thousands digit of h?
1
Let a = -531 - -538. Let u be (-50)/(-1 - 2/(-4)). Suppose -a*f + 5 = -2*f, 4*f = p - u. What is the hundreds digit of p?
1
Let g(n) = n + 4*n - 19 - 3*n - 16. Let v be g(19). Suppose -i + v*i = 16. What is the units digit of i?
8
Let y(m) = -74*m + 30. Let r be y(4). Let j = 376 + r. What is the tens digit of j?
1
Suppose -140*w + 120*w + 4228393 = 201*w. What is the units digit of w?
3
Suppose 275*s - 198078 + 76253 = 0. What is the hundreds digit of s?
4
Let c = 59 + -54. Suppose c*y - 16 - 4 = -5*l, 4*l - 2*y = 16. What is the tens digit of (((-413)/(-14))/(2/l))/1?
5
Suppose -4*f - 21 = -161. Suppose 4*d = f - 27. What is the hundreds digit of d/(-7) + (-4140)/(-35)?
1
Let n(b) = 437*b - 149. Let q be (-52)/(-156) - (-8)/3. What is the tens digit of n(q)?
6
Let l(k) = -3*k**2 - 5*k + 24. Let f be l(3). Let h be 4017/27 + f/(-81). Suppose 3*a + h = 539. What is the hundreds digit of a?
1
Suppose -q + 74*z + 1169 = 76*z, -2*q + 2401 = -5*z. What is the units digit of q?
3
Suppose 24*t - 23*t - 2 = 0. Suppose -5 + 13 = -t*b. What is the tens digit of ((2 - 1) + b - -193)/1?
9
Suppose -81 + 77 = -l, l + 13276 = 4*x. What is the tens digit of x?
2
Suppose 4*y = 2*t + 7*y + 7, 2*t - 2*y + 32 = 0. Let f = 36